 prime?
False
Let k = -115 - -118. Is (38787/(-42))/(k/(-6)) composite?
False
Let n = 34640 - 15795. Is n prime?
False
Suppose 0*l - 1640 = -c - l, -l = -3. Is c prime?
True
Suppose -2*a - 11*t + 13*t = -600438, 9*a - 2701995 = -3*t. Is a a composite number?
False
Let y = 23058 + -10015. Is y a prime number?
True
Suppose 42*f - 34*f - 2481352 = 0. Is f prime?
True
Let b = 424734 - 290317. Is b composite?
False
Suppose -85 - 62 = -21*n. Is (n + (-8 - -7754))/1 a prime number?
True
Let g(s) = 4*s - 19*s**2 - 8*s + s + 6 - 61*s**2. Let w be g(-4). Let d = -561 - w. Is d a prime number?
True
Suppose -2*h - 6377 = -3*n, 0 = 5*n - 5*h - 2173 - 8452. Let o = 5593 - n. Is o a prime number?
False
Let q(i) = 49*i + 4. Let s be q(-5). Let b = 2602 + -1434. Let n = b - s. Is n a prime number?
True
Suppose l + c - 395339 + 92859 = 0, 4*l - c - 1209935 = 0. Is l a composite number?
False
Let p = -19128 + 48961. Is p a composite number?
False
Suppose 0 = 5*s + 4*g - 21, -3 + 4 = -g. Suppose -5*u = q - 853, -4*q + s*u = 2*u - 3458. Is q composite?
False
Suppose 29 + 5 = x. Suppose -3*t + 375 = -8*t. Let z = x - t. Is z a prime number?
True
Let h = 18 + -20. Suppose -11387 = 2*o + 10003. Is o/(-10) - (1 + h/4) composite?
False
Let c = 89 - 73. Suppose 9*x - c - 2 = 0. Is (-19746)/(-18)*(-1 + x) a composite number?
False
Is 33/33 + 5/(10/26708) prime?
False
Suppose -3*w = 12, -m + 2*w = -0*m + 2686. Let l = 2155 - m. Is l composite?
True
Let r = -44646 + 73643. Is r a composite number?
True
Let b(w) = 16 - 16 - 3*w + 7 + 71. Let s be b(28). Is 1 - ((-829)/6 - 1/s) a composite number?
False
Suppose 5*w - 7 = o, 0 = -10*o + 15*o - 15. Suppose 0 = 3*q - 2*i + 7*i - 32403, 4*i - 21602 = -w*q. Is q a prime number?
False
Suppose 0 = 5*d - 2*o - 272411, 2*d = 5*d - 4*o - 163455. Suppose -2*x + 4*l + 27258 = 0, 0 = -3*x - x + l + d. Is x prime?
True
Suppose 34*j = 32*j + 4. Suppose 0 = -g - x, 0 = 2*g - 3*x - 13 - j. Suppose -4*y + 223 = -g*y. Is y composite?
False
Suppose 1169*n - 1888504 = 1161*n. Is n composite?
False
Let p(c) = -776*c**3 - 6*c**2 + 1. Let j be p(-2). Let u = j - 2344. Is u prime?
False
Let k(m) = 31060*m**2 - m - 26. Is k(3) a composite number?
False
Suppose -10*b = 5*q - 6*b - 27, 2*q = -3*b + 15. Suppose q*y = -5*y + 87784. Is y prime?
True
Let g(k) = k**3 - 6*k**2 - 4. Let q be g(6). Is -3 + (-9480)/(-9) + q/3 a prime number?
True
Let i = 449515 + -316598. Is i composite?
True
Let z be 4896/(-66) + -1*(-4)/22. Let n = 74 + z. Suppose n = 7*o - 11*o + 3688. Is o composite?
True
Let z = -1685805 - -2432366. Is z composite?
False
Suppose 52137890 = 216*x - 17019046. Is x a composite number?
True
Let a be (-7)/28 + (66/8 - 3). Suppose -a*v + d = -60910, 29*v - 3*d = 27*v + 24377. Is v prime?
False
Is ((-1)/(9/(-753)))/((-50)/(-1650)) prime?
False
Let g = -11470 - -21189. Is g a composite number?
False
Let q(n) = n**3 - 20*n**2 + 17*n + 42. Let t be q(19). Suppose 4*m - 7359 = 5*k, -2*m + 711 + 2967 = -t*k. Is m prime?
False
Suppose 0 = 5*d - 3*n - 712714, -2*n + 91482 + 478676 = 4*d. Suppose -32*r + d = -25*r. Is r prime?
False
Suppose 1466 + 1575 = n. Let o = n - 462. Is o a composite number?
False
Is (-83855568)/(-912) - (-4)/38 composite?
True
Let j be (-2)/4*(3 - 3). Let t be j/(3/(-3)) - -2. Suppose -t*i + 133 = 2*s - 83, -5*i = -s - 558. Is i a composite number?
True
Let p(u) = u**2 - 8*u - 17. Suppose 0*c = -4*c + 40. Let w be p(c). Is 3/(-15) + (w - 1524/(-20)) composite?
False
Let g(w) = -8*w**3 - 139*w**2 - 80*w - 23. Is g(-38) prime?
False
Let u(v) = v**3 - 11*v**2 + 6*v - 19. Suppose -4*s - q + 68 + 1 = 0, 65 = 4*s - 3*q. Suppose -3*h + 22 = -s. Is u(h) a prime number?
True
Let u(i) = -2*i**3 - 64*i**2 + 177*i + 310. Is u(-51) composite?
False
Is (22 - (-23 - -43))*(-478694)/(-4) prime?
True
Suppose 19 = -b - 5*t, -2*b + t = -0*t - 6. Suppose -3*m - 2*j + 10 = 0, 0 = -4*m + 5*m - j. Is 111*m/3*b a composite number?
True
Suppose -2*t - 3 = -4*q + 3*t, -4*t + 8 = 2*q. Suppose -495 = 5*l - 3*w - 29094, -q*l = 2*w - 11446. Is l a prime number?
False
Let h be 323/76 + -3*(-2)/8. Suppose -h*p + 10*p - 5 = 0. Is 1/(1*p/409) a composite number?
False
Let o = -1493 + 10324. Let a = o - 3084. Is a a composite number?
True
Let h be 6*-6*(-2)/9. Let i(k) = 5*k**3 + 486*k**2 - 488*k + 1. Let w be i(1). Is ((-94)/w*1)/(h/(-272)) a composite number?
True
Suppose -4*a + 6*y - 20983 = 5*y, 0 = -5*a + 5*y - 26225. Let u = a + 17149. Is u composite?
False
Suppose 12 = -2*h + 5*v + 10, -38 = -2*h - 5*v. Is 65818/(-8)*h/(81/(-36)) composite?
False
Suppose 0 = 5*s - 4*z + 8*z - 5595439, 6*s - 6714542 = -z. Is s composite?
False
Is (4005452/(-176) - -23)/((-1)/4*1) a prime number?
False
Suppose -2*g - 253866 - 554652 = -6*i, -134753 = -i + g. Is i a prime number?
True
Suppose -4*s + 5*v = -7195, 5*s + 3*v + 1353 - 10356 = 0. Let w = s - 649. Is w composite?
False
Suppose 3*l = 9, -4*g + 1734*l - 1733*l = -127825. Is g composite?
False
Let j be ((-39)/(-36) + (-14)/168)*7. Suppose -5*i + i + 112 = 0. Suppose -j - i = -g. Is g a prime number?
False
Let i(b) = -3871*b**3 - 8*b**2 - 25*b - 47. Is i(-4) prime?
False
Let q = -3252 - -1204. Let r = 4021 + q. Is r composite?
False
Suppose 3*k + 7*q = 4*q - 483, -4*q = k + 152. Let o be 183*49/84*4. Let b = k + o. Is b composite?
False
Let m(h) = h**2 - 55*h - 364. Let v be m(61). Let n(i) = 369*i**2 - 2*i + 5. Let p be n(4). Let k = p + v. Is k prime?
True
Suppose 2*r + 4*a - 162 = 0, 217 - 34 = 2*r - 3*a. Let v = r - -744. Is v a composite number?
True
Let a be ((-9702)/(-55))/9 - 2/(-5). Suppose a*m - 5569 = 214491. Is m a composite number?
False
Is (-2 - -30)*((-12499891)/76)/(-53) a composite number?
True
Let k(d) = d**2 - 25. Let n be k(21). Is (-2 - -3)*(-1 + n*22) prime?
True
Let p(n) = n**3 + n**2 - 6*n + 8. Let g be p(3). Let t(w) = w + 3*w**3 + 4*w + 0*w**3 - 1 - 4*w**3 + g*w**2. Is t(21) a prime number?
True
Let t = -43505 - -142264. Is t a prime number?
False
Let r(p) = -p**3 - 14*p**2 - 13*p + 3. Let m be r(-13). Let y(i) = 2*i**2 + 198*i**3 - 193*i**3 + i + m - 9. Is y(5) composite?
True
Suppose c - 19 = -3*o, 2*o - 3*o - 5*c + 25 = 0. Let f = -26 + o. Let n = f + 54. Is n composite?
True
Let b(m) = -7*m**3 - 104*m**2 - 32*m - 68. Is b(-21) composite?
True
Let t(l) = -l**3 - 3*l**2 + 13*l + 28. Let z be t(-2). Is (-3239)/z - (510/(-20))/17 a composite number?
False
Suppose 143 = 8*r + 3*r. Suppose 47930 + 21035 = r*w. Is w a prime number?
False
Let a(p) = 49*p**2 + 3*p - 41. Let y be a(10). Suppose -4*u - u + y = 2*s, u + 9745 = 4*s. Is s composite?
False
Suppose 2*g - 5 = 15. Suppose -8*s + 1894 = -g*s. Let d = -208 - s. Is d prime?
True
Let d = -322 - -469. Is (d/28)/((-6)/(-7768)) prime?
False
Let a = 0 - -2. Let f be (-13)/(-6) - a - (-12094)/12. Let t = f + -187. Is t a composite number?
False
Suppose -4*z + i + 6 = 0, 0 = 2*z + 3*z + 4*i + 3. Is z/9 - (-2932)/18 prime?
True
Suppose 0 = 28*u - 32*u + 4896. Let q be (u/30)/(3/30). Suppose -4*w = -644 - q. Is w a prime number?
True
Let u(q) = -2*q**2 + 22*q - 7. Let v be u(10). Let r = -20 + v. Is ((-1)/(3/1))/(r/13083) a composite number?
True
Suppose 0 = 216*g - 22*g + 999 - 223. Let t(u) = 4 + 9 - 35*u + 4. Is t(g) prime?
True
Let o(k) = -69*k + 13. Let q(b) = 137*b - 26. Let m(p) = -11*o(p) - 6*q(p). Let x be m(6). Let t = x - -622. Is t composite?
False
Let n be (-9 + 7)*(-2 + 1). Suppose 2 = -p + d, 5*p - 3 = n*d - 4. Is (1/p)/((-19)/(-12293)) prime?
True
Is ((-22584354)/819)/((-8)/84) composite?
False
Suppose 5*t = -2*b + 28024 + 20320, 3*t + 48360 = 2*b. Is b a composite number?
True
Suppose -121*t + 119*t + 303082 = 0. Is t prime?
False
Let k = 264 - 260. Suppose 3*a = 8*v - 3*v - 7414, 2*v - k*a = 2974. Is v composite?
False
Suppose 0 = -3*g - 5*g + 360. Let z = -41 + g. Let y(f) = f**3 + f**2 - 7*f - 3. Is y(z) prime?
False
Suppose -h = -l - 10, -3*l - h = -3*h + 29. Let g(a) = 19 + 10*a**2 - 34 + a**3 + 30 + 10*a. Is g(l) prime?
False
Suppose -283*v + 290*v = 285103. Suppose -5*k - 17*f + 19*f + v = 0, -4*k = f - 32591. Is k prime?
True
Let o(a) = -199*a - 21. Suppose 6*j = 5*j - 9. Let c be ((-81)/6)/j*64/(-6). Is o(c) a prime number?
True
Suppose 11*t = -59191 + 21780. Let z = 2988 - t. Is z composite?
False
Let i = 160604 + 11499. 